{"id":1287,"date":"2023-11-27T15:00:42","date_gmt":"2023-11-27T18:00:42","guid":{"rendered":"https:\/\/www.unarcat.com\/?page_id=1287"},"modified":"2025-01-07T21:51:37","modified_gmt":"2025-01-08T00:51:37","slug":"noticias","status":"publish","type":"page","link":"https:\/\/www.unarcat.com\/?page_id=1287","title":{"rendered":"Noticias"},"content":{"rendered":"\t\t<div data-elementor-type=\"wp-page\" data-elementor-id=\"1287\" class=\"elementor elementor-1287\">\n\t\t\t\t<div class=\"elementor-element elementor-element-7af9a8e e-flex e-con-boxed e-con e-parent\" data-id=\"7af9a8e\" data-element_type=\"container\" data-e-type=\"container\" data-settings=\"{&quot;background_background&quot;:&quot;classic&quot;}\">\n\t\t\t\t\t<div class=\"e-con-inner\">\n\t\t\t\t<div class=\"elementor-element elementor-element-858a551 elementor-widget elementor-widget-heading\" data-id=\"858a551\" data-element_type=\"widget\" data-e-type=\"widget\" data-widget_type=\"heading.default\">\n\t\t\t\t<div class=\"elementor-widget-container\">\n\t\t\t\t\t<h1 class=\"elementor-heading-title elementor-size-medium\">Noticias m\u00e1s recientes<\/h1>\t\t\t\t<\/div>\n\t\t\t\t<\/div>\n\t\t\t\t\t<\/div>\n\t\t\t\t<\/div>\n\t\t<div class=\"elementor-element elementor-element-c948ed3 e-flex e-con-boxed e-con e-parent\" data-id=\"c948ed3\" data-element_type=\"container\" data-e-type=\"container\">\n\t\t\t\t\t<div class=\"e-con-inner\">\n\t\t<div class=\"elementor-element elementor-element-c8a0f40 e-con-full e-flex e-con e-child\" data-id=\"c8a0f40\" data-element_type=\"container\" data-e-type=\"container\">\n\t\t\t\t<div class=\"elementor-element elementor-element-d7cf6c8 elementor-widget elementor-widget-image\" data-id=\"d7cf6c8\" data-element_type=\"widget\" data-e-type=\"widget\" data-widget_type=\"image.default\">\n\t\t\t\t<div class=\"elementor-widget-container\">\n\t\t\t\t\t\t\t\t\t\t\t\t\t\t\t<img fetchpriority=\"high\" decoding=\"async\" width=\"819\" height=\"1024\" src=\"https:\/\/www.unarcat.com\/wp-content\/uploads\/2025\/01\/vALORES-1-819x1024.jpg\" class=\"attachment-large size-large wp-image-2321\" alt=\"\" srcset=\"https:\/\/www.unarcat.com\/wp-content\/uploads\/2025\/01\/vALORES-1-819x1024.jpg 819w, https:\/\/www.unarcat.com\/wp-content\/uploads\/2025\/01\/vALORES-1-240x300.jpg 240w, https:\/\/www.unarcat.com\/wp-content\/uploads\/2025\/01\/vALORES-1-768x960.jpg 768w, https:\/\/www.unarcat.com\/wp-content\/uploads\/2025\/01\/vALORES-1.jpg 1080w\" sizes=\"(max-width: 819px) 100vw, 819px\" \/>\t\t\t\t\t\t\t\t\t\t\t\t\t\t\t<\/div>\n\t\t\t\t<\/div>\n\t\t\t\t<\/div>\n\t\t<div class=\"elementor-element elementor-element-c2d36f8 e-con-full e-flex e-con e-child\" data-id=\"c2d36f8\" data-element_type=\"container\" data-e-type=\"container\">\n\t\t\t\t<div class=\"elementor-element elementor-element-4393952 elementor-widget elementor-widget-heading\" data-id=\"4393952\" data-element_type=\"widget\" data-e-type=\"widget\" data-widget_type=\"heading.default\">\n\t\t\t\t<div class=\"elementor-widget-container\">\n\t\t\t\t\t<h2 class=\"elementor-heading-title elementor-size-default\">Nuevos Valores para 2025: Inscripci\u00f3n y Habilitaci\u00f3n Profesional\n<\/h2>\t\t\t\t<\/div>\n\t\t\t\t<\/div>\n\t\t\t\t<div class=\"elementor-element elementor-element-2e10217 elementor-widget elementor-widget-text-editor\" data-id=\"2e10217\" data-element_type=\"widget\" data-e-type=\"widget\" data-widget_type=\"text-editor.default\">\n\t\t\t\t<div class=\"elementor-widget-container\">\n\t\t\t\t\t\t\t\t\t<p>La Uni\u00f3n de Arquitectos de Catamarca informa que, a partir del 1 de enero de 2025, entrar\u00e1n en vigencia los nuevos valores aprobados en la Asamblea Ordinaria del 2 de diciembre de 2024. Los costos actualizados son los siguientes:<\/p><p>Inscripci\u00f3n de matr\u00edcula: $80.000.<\/p><p>Habilitaci\u00f3n anual: $120.000, con promoci\u00f3n de $100.000 v\u00e1lida hasta el 31 de marzo.<\/p><p>Habilitaci\u00f3n mensual: $10.000.<\/p><p>Valor testigo para c\u00e1lculo de honorarios: 900 UVI\/m\u00b2.<\/p><p>\u00a0<\/p>\t\t\t\t\t\t\t\t<\/div>\n\t\t\t\t<\/div>\n\t\t\t\t<\/div>\n\t\t\t\t\t<\/div>\n\t\t\t\t<\/div>\n\t\t<div class=\"elementor-element elementor-element-d7de418 e-flex e-con-boxed e-con e-parent\" data-id=\"d7de418\" data-element_type=\"container\" data-e-type=\"container\">\n\t\t\t\t\t<div class=\"e-con-inner\">\n\t\t<div class=\"elementor-element elementor-element-d9b3ad7 e-con-full e-flex e-con e-child\" data-id=\"d9b3ad7\" data-element_type=\"container\" data-e-type=\"container\">\n\t\t\t\t<div class=\"elementor-element elementor-element-4185792 elementor-widget__width-initial premium-floating-effects-yes animated-fast elementor-invisible elementor-widget elementor-widget-image\" data-id=\"4185792\" data-element_type=\"widget\" data-e-type=\"widget\" data-settings=\"{&quot;_animation&quot;:&quot;pulse&quot;,&quot;premium_fe_trigger&quot;:&quot;load&quot;,&quot;premium_fe_direction&quot;:&quot;alternate&quot;,&quot;premium_fe_loop&quot;:&quot;default&quot;,&quot;premium_fe_easing&quot;:&quot;easeInOutSine&quot;}\" data-widget_type=\"image.default\">\n\t\t\t\t<div class=\"elementor-widget-container\">\n\t\t\t\t\t\t\t\t\t\t\t\t\t\t\t<img decoding=\"async\" src=\"https:\/\/www.unarcat.com\/wp-content\/uploads\/elementor\/thumbs\/VALRORES-3-qzojkfmu3cssahiu53f09ux03kl200vqjw4c1qsy4k.jpg\" title=\"VALRORES 3\" alt=\"VALRORES 3\" loading=\"lazy\" \/>\t\t\t\t\t\t\t\t\t\t\t\t\t\t\t<\/div>\n\t\t\t\t<\/div>\n\t\t\t\t<\/div>\n\t\t<div class=\"elementor-element elementor-element-2cd1144 e-con-full e-flex e-con e-child\" data-id=\"2cd1144\" data-element_type=\"container\" data-e-type=\"container\">\n\t\t\t\t<div class=\"elementor-element elementor-element-e38b633 elementor-invisible elementor-widget elementor-widget-image\" data-id=\"e38b633\" data-element_type=\"widget\" data-e-type=\"widget\" data-settings=\"{&quot;_animation&quot;:&quot;pulse&quot;}\" data-widget_type=\"image.default\">\n\t\t\t\t<div class=\"elementor-widget-container\">\n\t\t\t\t\t\t\t\t\t\t\t\t\t\t\t<img decoding=\"async\" width=\"819\" height=\"1024\" src=\"https:\/\/www.unarcat.com\/wp-content\/uploads\/2025\/01\/VAORES-2-819x1024.jpg\" class=\"attachment-large size-large wp-image-2328\" alt=\"\" srcset=\"https:\/\/www.unarcat.com\/wp-content\/uploads\/2025\/01\/VAORES-2-819x1024.jpg 819w, https:\/\/www.unarcat.com\/wp-content\/uploads\/2025\/01\/VAORES-2-240x300.jpg 240w, https:\/\/www.unarcat.com\/wp-content\/uploads\/2025\/01\/VAORES-2-768x960.jpg 768w, https:\/\/www.unarcat.com\/wp-content\/uploads\/2025\/01\/VAORES-2.jpg 1080w\" sizes=\"(max-width: 819px) 100vw, 819px\" \/>\t\t\t\t\t\t\t\t\t\t\t\t\t\t\t<\/div>\n\t\t\t\t<\/div>\n\t\t\t\t<\/div>\n\t\t<div class=\"elementor-element elementor-element-0d2fd5f e-con-full e-flex e-con e-child\" data-id=\"0d2fd5f\" data-element_type=\"container\" data-e-type=\"container\">\n\t\t\t\t<div class=\"elementor-element elementor-element-19996ca elementor-invisible elementor-widget elementor-widget-image\" data-id=\"19996ca\" data-element_type=\"widget\" data-e-type=\"widget\" data-settings=\"{&quot;_animation&quot;:&quot;pulse&quot;}\" data-widget_type=\"image.default\">\n\t\t\t\t<div class=\"elementor-widget-container\">\n\t\t\t\t\t\t\t\t\t\t\t\t\t\t\t<img decoding=\"async\" width=\"300\" height=\"300\" src=\"https:\/\/www.unarcat.com\/wp-content\/uploads\/2024\/01\/conveniii.jpg\" class=\"attachment-large size-large wp-image-2149\" alt=\"\" srcset=\"https:\/\/www.unarcat.com\/wp-content\/uploads\/2024\/01\/conveniii.jpg 300w, https:\/\/www.unarcat.com\/wp-content\/uploads\/2024\/01\/conveniii-150x150.jpg 150w\" sizes=\"(max-width: 300px) 100vw, 300px\" \/>\t\t\t\t\t\t\t\t\t\t\t\t\t\t\t<\/div>\n\t\t\t\t<\/div>\n\t\t\t\t<\/div>\n\t\t<div class=\"elementor-element elementor-element-07e5d04 e-con-full e-flex e-con e-child\" data-id=\"07e5d04\" data-element_type=\"container\" data-e-type=\"container\">\n\t\t\t\t<div class=\"elementor-element elementor-element-6bdaddf elementor-widget elementor-widget-heading\" data-id=\"6bdaddf\" data-element_type=\"widget\" data-e-type=\"widget\" data-widget_type=\"heading.default\">\n\t\t\t\t<div class=\"elementor-widget-container\">\n\t\t\t\t\t<h2 class=\"elementor-heading-title elementor-size-small\">Honorarios Profesionales: Trabajo de Gabinete y Operaciones\n<\/h2>\t\t\t\t<\/div>\n\t\t\t\t<\/div>\n\t\t\t\t<div class=\"elementor-element elementor-element-2d6b8c7 elementor-widget elementor-widget-text-editor\" data-id=\"2d6b8c7\" data-element_type=\"widget\" data-e-type=\"widget\" data-widget_type=\"text-editor.default\">\n\t\t\t\t<div class=\"elementor-widget-container\">\n\t\t\t\t\t\t\t\t\t<p>La Uni\u00f3n de Arquitectos de Catamarca informa los valores sugeridos para trabajos profesionales, vigentes a partir de lo establecido en la Asamblea Ordinaria del 2 de diciembre de 2024:<\/p><p>D\u00eda de trabajo en gabinete: 270 UVI (valor testigo x 30%).<\/p><p>D\u00eda de trabajo en terreno: 360 UVI (valor testigo x 40%).<\/p><p>D\u00eda de viaje: 180 UVI (valor testigo x 20%).<\/p>\t\t\t\t\t\t\t\t<\/div>\n\t\t\t\t<\/div>\n\t\t\t\t<\/div>\n\t\t<div class=\"elementor-element elementor-element-d3db5bb e-con-full e-flex e-con e-child\" data-id=\"d3db5bb\" data-element_type=\"container\" data-e-type=\"container\">\n\t\t\t\t<div class=\"elementor-element elementor-element-bf7eaa3 elementor-widget elementor-widget-heading\" data-id=\"bf7eaa3\" data-element_type=\"widget\" data-e-type=\"widget\" data-widget_type=\"heading.default\">\n\t\t\t\t<div class=\"elementor-widget-container\">\n\t\t\t\t\t<h3 class=\"elementor-heading-title elementor-size-small\">HONORARIOS PROFESIONALES: CONSULTAS\n<\/h3>\t\t\t\t<\/div>\n\t\t\t\t<\/div>\n\t\t\t\t<div class=\"elementor-element elementor-element-7c69f8e elementor-widget elementor-widget-text-editor\" data-id=\"7c69f8e\" data-element_type=\"widget\" data-e-type=\"widget\" data-widget_type=\"text-editor.default\">\n\t\t\t\t<div class=\"elementor-widget-container\">\n\t\t\t\t\t\t\t\t\t<p>La Uni\u00f3n de Arquitectos de Catamarca comunica los valores sugeridos para consultas profesionales, vigentes seg\u00fan la Asamblea Ordinaria del 2 de diciembre de 2024:<\/p><p>Consulta verbal sin inspecci\u00f3n ocular: 180 UVI (valor testigo x 20%).<\/p><p>Consulta verbal con inspecci\u00f3n ocular: 360 UVI (valor testigo x 40%).<\/p><p>Consulta escrita sin inspecci\u00f3n ocular: 540 UVI (valor testigo x 60%).<\/p><p>Consulta escrita con inspecci\u00f3n ocular: 720 UVI (valor testigo x 80%).<\/p>\t\t\t\t\t\t\t\t<\/div>\n\t\t\t\t<\/div>\n\t\t\t\t<\/div>\n\t\t<div class=\"elementor-element elementor-element-004425a e-con-full e-flex e-con e-child\" data-id=\"004425a\" data-element_type=\"container\" data-e-type=\"container\">\n\t\t\t\t<div class=\"elementor-element elementor-element-17aa2b7 elementor-widget elementor-widget-heading\" data-id=\"17aa2b7\" data-element_type=\"widget\" data-e-type=\"widget\" data-widget_type=\"heading.default\">\n\t\t\t\t<div class=\"elementor-widget-container\">\n\t\t\t\t\t<h5 class=\"elementor-heading-title elementor-size-small\">Convenio con el Ministerio de Infraestructura y la intendencia de Valle Viejo<\/h5>\t\t\t\t<\/div>\n\t\t\t\t<\/div>\n\t\t\t\t<div class=\"elementor-element elementor-element-7ecc72a elementor-widget elementor-widget-text-editor\" data-id=\"7ecc72a\" data-element_type=\"widget\" data-e-type=\"widget\" data-widget_type=\"text-editor.default\">\n\t\t\t\t<div class=\"elementor-widget-container\">\n\t\t\t\t\t\t\t\t\t<p>El Convenio se celebr\u00f3 entre el Ministro de Vivienda y Urbanizaci\u00f3n Dr. Fidel Saenz, la Intendenta de la Municipalidad de Valle Viejo Prof. Susana Zenteno como Promotores y el Arq. Nicolas Lindow por la UAC como entidad Organizadora. quiero cantar.<\/p>\t\t\t\t\t\t\t\t<\/div>\n\t\t\t\t<\/div>\n\t\t\t\t<\/div>\n\t\t\t\t\t<\/div>\n\t\t\t\t<\/div>\n\t\t<div class=\"elementor-element elementor-element-97815cd e-flex e-con-boxed e-con e-parent\" data-id=\"97815cd\" data-element_type=\"container\" data-e-type=\"container\" data-settings=\"{&quot;background_background&quot;:&quot;classic&quot;}\">\n\t\t\t\t\t<div class=\"e-con-inner\">\n\t\t\t\t<div class=\"elementor-element elementor-element-1e66b01 elementor-widget elementor-widget-heading\" data-id=\"1e66b01\" data-element_type=\"widget\" data-e-type=\"widget\" data-widget_type=\"heading.default\">\n\t\t\t\t<div class=\"elementor-widget-container\">\n\t\t\t\t\t<h4 class=\"elementor-heading-title elementor-size-default\">DESTACADAS<\/h4>\t\t\t\t<\/div>\n\t\t\t\t<\/div>\n\t\t\t\t\t<\/div>\n\t\t\t\t<\/div>\n\t\t<div class=\"elementor-element elementor-element-c5d46f8 e-flex e-con-boxed e-con e-parent\" data-id=\"c5d46f8\" data-element_type=\"container\" data-e-type=\"container\" data-settings=\"{&quot;background_background&quot;:&quot;classic&quot;}\">\n\t\t\t\t\t<div class=\"e-con-inner\">\n\t\t\t\t<div class=\"elementor-element elementor-element-b95fb55 gallery-spacing-custom animated-slow elementor-invisible elementor-widget elementor-widget-image-gallery\" data-id=\"b95fb55\" data-element_type=\"widget\" data-e-type=\"widget\" data-settings=\"{&quot;_animation&quot;:&quot;flash&quot;}\" data-widget_type=\"image-gallery.default\">\n\t\t\t\t<div class=\"elementor-widget-container\">\n\t\t\t\t\t\t\t<div class=\"elementor-image-gallery\">\n\t\t\t<div id='gallery-1' class='gallery galleryid-1287 gallery-columns-4 gallery-size-large'><figure class='gallery-item'>\n\t\t\t<div class='gallery-icon landscape'>\n\t\t\t\t<a data-elementor-open-lightbox=\"yes\" data-elementor-lightbox-slideshow=\"b95fb55\" data-e-action-hash=\"#elementor-action%3Aaction%3Dlightbox%26settings%3DeyJpZCI6MjE1MSwidXJsIjoiaHR0cHM6XC9cL3d3dy51bmFyY2F0LmNvbVwvd3AtY29udGVudFwvdXBsb2Fkc1wvMjAyNFwvMDFcL2NvbnN0cnV1dS5qcGciLCJzbGlkZXNob3ciOiJiOTVmYjU1In0%3D\" href='https:\/\/www.unarcat.com\/wp-content\/uploads\/2024\/01\/construuu.jpg'><img loading=\"lazy\" decoding=\"async\" width=\"1000\" height=\"1000\" src=\"https:\/\/www.unarcat.com\/wp-content\/uploads\/2024\/01\/construuu.jpg\" class=\"attachment-large size-large\" alt=\"\" aria-describedby=\"gallery-1-2151\" srcset=\"https:\/\/www.unarcat.com\/wp-content\/uploads\/2024\/01\/construuu.jpg 1000w, https:\/\/www.unarcat.com\/wp-content\/uploads\/2024\/01\/construuu-300x300.jpg 300w, https:\/\/www.unarcat.com\/wp-content\/uploads\/2024\/01\/construuu-150x150.jpg 150w, https:\/\/www.unarcat.com\/wp-content\/uploads\/2024\/01\/construuu-768x768.jpg 768w\" sizes=\"(max-width: 1000px) 100vw, 1000px\" \/><\/a>\n\t\t\t<\/div>\n\t\t\t\t<figcaption class='wp-caption-text gallery-caption' id='gallery-1-2151'>\n\t\t\t\t1\u00b0 encuentro de Programa &#8220;Constructoras&#8221; donde se desarrollaron actividades de cooperacion Educativa y capacitaci\u00f3n .\n\t\t\t\t<\/figcaption><\/figure><figure class='gallery-item'>\n\t\t\t<div class='gallery-icon landscape'>\n\t\t\t\t<a data-elementor-open-lightbox=\"yes\" data-elementor-lightbox-slideshow=\"b95fb55\" data-e-action-hash=\"#elementor-action%3Aaction%3Dlightbox%26settings%3DeyJpZCI6MjE1MCwidXJsIjoiaHR0cHM6XC9cL3d3dy51bmFyY2F0LmNvbVwvd3AtY29udGVudFwvdXBsb2Fkc1wvMjAyNFwvMDFcL0xVVE8uanBnIiwic2xpZGVzaG93IjoiYjk1ZmI1NSJ9\" href='https:\/\/www.unarcat.com\/wp-content\/uploads\/2024\/01\/LUTO.jpg'><img loading=\"lazy\" decoding=\"async\" width=\"1000\" height=\"1000\" src=\"https:\/\/www.unarcat.com\/wp-content\/uploads\/2024\/01\/LUTO.jpg\" class=\"attachment-large size-large\" alt=\"\" aria-describedby=\"gallery-1-2150\" srcset=\"https:\/\/www.unarcat.com\/wp-content\/uploads\/2024\/01\/LUTO.jpg 1000w, https:\/\/www.unarcat.com\/wp-content\/uploads\/2024\/01\/LUTO-300x300.jpg 300w, https:\/\/www.unarcat.com\/wp-content\/uploads\/2024\/01\/LUTO-150x150.jpg 150w, https:\/\/www.unarcat.com\/wp-content\/uploads\/2024\/01\/LUTO-768x768.jpg 768w\" sizes=\"(max-width: 1000px) 100vw, 1000px\" \/><\/a>\n\t\t\t<\/div>\n\t\t\t\t<figcaption class='wp-caption-text gallery-caption' id='gallery-1-2150'>\n\t\t\t\tLa Union de Arquitectos de Catamarca informa con profundo dolor el fallecimiento del Arquitecto Lino Campos, quien fuera creador de nuestra Institucion como primer Colegio de arquitectos del pa\u00eds.\n\t\t\t\t<\/figcaption><\/figure><figure class='gallery-item'>\n\t\t\t<div class='gallery-icon landscape'>\n\t\t\t\t<a data-elementor-open-lightbox=\"yes\" data-elementor-lightbox-slideshow=\"b95fb55\" data-e-action-hash=\"#elementor-action%3Aaction%3Dlightbox%26settings%3DeyJpZCI6MjE2OSwidXJsIjoiaHR0cHM6XC9cL3d3dy51bmFyY2F0LmNvbVwvd3AtY29udGVudFwvdXBsb2Fkc1wvMjAyNFwvMDFcL21qampqLmpwZyIsInNsaWRlc2hvdyI6ImI5NWZiNTUifQ%3D%3D\" href='https:\/\/www.unarcat.com\/wp-content\/uploads\/2024\/01\/mjjjj.jpg'><img loading=\"lazy\" decoding=\"async\" width=\"1000\" height=\"1000\" src=\"https:\/\/www.unarcat.com\/wp-content\/uploads\/2024\/01\/mjjjj.jpg\" class=\"attachment-large size-large\" alt=\"\" aria-describedby=\"gallery-1-2169\" srcset=\"https:\/\/www.unarcat.com\/wp-content\/uploads\/2024\/01\/mjjjj.jpg 1000w, https:\/\/www.unarcat.com\/wp-content\/uploads\/2024\/01\/mjjjj-300x300.jpg 300w, https:\/\/www.unarcat.com\/wp-content\/uploads\/2024\/01\/mjjjj-150x150.jpg 150w, https:\/\/www.unarcat.com\/wp-content\/uploads\/2024\/01\/mjjjj-768x768.jpg 768w\" sizes=\"(max-width: 1000px) 100vw, 1000px\" \/><\/a>\n\t\t\t<\/div>\n\t\t\t\t<figcaption class='wp-caption-text gallery-caption' id='gallery-1-2169'>\n\t\t\t\tConversatorio sobre la Igualdad de g\u00e9nero en los distintos \u00e1mbitos de nuestra profesi\u00f3n. Nos acompa\u00f1aron en esta ocasi\u00f3n la presidenta de la C\u00e1mara de la Construcci\u00f3n C.P.N.  Anah\u00ed Diaz y la Dra. Cecilia Navarro desde la Secretar\u00eda de la Mujer, G\u00e9nero y Diversidad. La convocatoria para la exposici\u00f3n tuvo una amplia participaci\u00f3n, abordando diversas tem\u00e1ticas.\n\t\t\t\t<\/figcaption><\/figure><figure class='gallery-item'>\n\t\t\t<div class='gallery-icon landscape'>\n\t\t\t\t<a data-elementor-open-lightbox=\"yes\" data-elementor-lightbox-slideshow=\"b95fb55\" data-e-action-hash=\"#elementor-action%3Aaction%3Dlightbox%26settings%3DeyJpZCI6MjE2NCwidXJsIjoiaHR0cHM6XC9cL3d3dy51bmFyY2F0LmNvbVwvd3AtY29udGVudFwvdXBsb2Fkc1wvMjAyNFwvMDFcL251ZXZvcy1tYXRyaXMuanBnIiwic2xpZGVzaG93IjoiYjk1ZmI1NSJ9\" href='https:\/\/www.unarcat.com\/wp-content\/uploads\/2024\/01\/nuevos-matris.jpg'><img loading=\"lazy\" decoding=\"async\" width=\"1000\" height=\"1000\" src=\"https:\/\/www.unarcat.com\/wp-content\/uploads\/2024\/01\/nuevos-matris.jpg\" class=\"attachment-large size-large\" alt=\"\" aria-describedby=\"gallery-1-2164\" srcset=\"https:\/\/www.unarcat.com\/wp-content\/uploads\/2024\/01\/nuevos-matris.jpg 1000w, https:\/\/www.unarcat.com\/wp-content\/uploads\/2024\/01\/nuevos-matris-300x300.jpg 300w, https:\/\/www.unarcat.com\/wp-content\/uploads\/2024\/01\/nuevos-matris-150x150.jpg 150w, https:\/\/www.unarcat.com\/wp-content\/uploads\/2024\/01\/nuevos-matris-768x768.jpg 768w\" sizes=\"(max-width: 1000px) 100vw, 1000px\" \/><\/a>\n\t\t\t<\/div>\n\t\t\t\t<figcaption class='wp-caption-text gallery-caption' id='gallery-1-2164'>\n\t\t\t\tEl pasado viernes 7 de Julio se tom\u00f3 Juramento a 25 nuevos Matriculados, el acto se realiz\u00f3 en el Sal\u00f3n de la Union de Arquitectos de Catamarca..\n\t\t\t\t<\/figcaption><\/figure>\n\t\t<\/div>\n\t\t<\/div>\n\t\t\t\t\t\t<\/div>\n\t\t\t\t<\/div>\n\t\t\t\t\t<\/div>\n\t\t\t\t<\/div>\n\t\t\t\t<\/div>\n\t\t","protected":false},"excerpt":{"rendered":"<p>Noticias m\u00e1s recientes Nuevos Valores para 2025: Inscripci\u00f3n y Habilitaci\u00f3n Profesional La Uni\u00f3n de Arquitectos de Catamarca informa que, a partir del 1 de enero de 2025, entrar\u00e1n en vigencia los nuevos valores aprobados en la Asamblea Ordinaria del 2 de diciembre de 2024. Los costos actualizados son los siguientes: Inscripci\u00f3n de matr\u00edcula: $80.000. Habilitaci\u00f3n [&hellip;]<\/p>\n","protected":false},"author":2,"featured_media":0,"parent":0,"menu_order":0,"comment_status":"closed","ping_status":"closed","template":"","meta":{"site-sidebar-layout":"no-sidebar","site-content-layout":"page-builder","ast-site-content-layout":"full-width-container","site-content-style":"default","site-sidebar-style":"default","ast-global-header-display":"","ast-banner-title-visibility":"","ast-main-header-display":"","ast-hfb-above-header-display":"","ast-hfb-below-header-display":"","ast-hfb-mobile-header-display":"","site-post-title":"disabled","ast-breadcrumbs-content":"","ast-featured-img":"disabled","footer-sml-layout":"","ast-disable-related-posts":"","theme-transparent-header-meta":"default","adv-header-id-meta":"","stick-header-meta":"","header-above-stick-meta":"","header-main-stick-meta":"","header-below-stick-meta":"","astra-migrate-meta-layouts":"set","ast-page-background-enabled":"default","ast-page-background-meta":{"desktop":{"background-color":"","background-image":"","background-repeat":"repeat","background-position":"center center","background-size":"auto","background-attachment":"scroll","background-type":"","background-media":"","overlay-type":"","overlay-color":"","overlay-opacity":"","overlay-gradient":""},"tablet":{"background-color":"","background-image":"","background-repeat":"repeat","background-position":"center center","background-size":"auto","background-attachment":"scroll","background-type":"","background-media":"","overlay-type":"","overlay-color":"","overlay-opacity":"","overlay-gradient":""},"mobile":{"background-color":"","background-image":"","background-repeat":"repeat","background-position":"center center","background-size":"auto","background-attachment":"scroll","background-type":"","background-media":"","overlay-type":"","overlay-color":"","overlay-opacity":"","overlay-gradient":""}},"ast-content-background-meta":{"desktop":{"background-color":"var(--ast-global-color-5)","background-image":"","background-repeat":"repeat","background-position":"center center","background-size":"auto","background-attachment":"scroll","background-type":"","background-media":"","overlay-type":"","overlay-color":"","overlay-opacity":"","overlay-gradient":""},"tablet":{"background-color":"var(--ast-global-color-5)","background-image":"","background-repeat":"repeat","background-position":"center center","background-size":"auto","background-attachment":"scroll","background-type":"","background-media":"","overlay-type":"","overlay-color":"","overlay-opacity":"","overlay-gradient":""},"mobile":{"background-color":"var(--ast-global-color-5)","background-image":"","background-repeat":"repeat","background-position":"center center","background-size":"auto","background-attachment":"scroll","background-type":"","background-media":"","overlay-type":"","overlay-color":"","overlay-opacity":"","overlay-gradient":""}},"_joinchat":[],"footnotes":""},"class_list":["post-1287","page","type-page","status-publish","hentry"],"_links":{"self":[{"href":"https:\/\/www.unarcat.com\/index.php?rest_route=\/wp\/v2\/pages\/1287","targetHints":{"allow":["GET"]}}],"collection":[{"href":"https:\/\/www.unarcat.com\/index.php?rest_route=\/wp\/v2\/pages"}],"about":[{"href":"https:\/\/www.unarcat.com\/index.php?rest_route=\/wp\/v2\/types\/page"}],"author":[{"embeddable":true,"href":"https:\/\/www.unarcat.com\/index.php?rest_route=\/wp\/v2\/users\/2"}],"replies":[{"embeddable":true,"href":"https:\/\/www.unarcat.com\/index.php?rest_route=%2Fwp%2Fv2%2Fcomments&post=1287"}],"version-history":[{"count":0,"href":"https:\/\/www.unarcat.com\/index.php?rest_route=\/wp\/v2\/pages\/1287\/revisions"}],"wp:attachment":[{"href":"https:\/\/www.unarcat.com\/index.php?rest_route=%2Fwp%2Fv2%2Fmedia&parent=1287"}],"curies":[{"name":"wp","href":"https:\/\/api.w.org\/{rel}","templated":true}]}}